{"id":309,"date":"2007-07-03T11:26:52","date_gmt":"2007-07-03T10:26:52","guid":{"rendered":"http:\/\/www.rhschwarz.de\/index.php\/buch\/"},"modified":"2020-01-26T17:49:32","modified_gmt":"2020-01-26T16:49:32","slug":"buch","status":"publish","type":"page","link":"https:\/\/www.rhschwarz.de\/index.php\/buch\/","title":{"rendered":"Keine bleibenden Sch\u00e4den"},"content":{"rendered":"<p>Was passiert, wenn man einen Sofakrieger in das westafrikanischste aller L\u00e4nder expediert?<br \/>\nIn eine Gegend fernab von anderen Portos (=Wei\u00dfen), in der sich multimediale Str\u00f6me nur am Fluss finden lassen?<\/p>\n<p><a href=\"https:\/\/www.rhschwarz.de\/wp-content\/uploads\/2009\/03\/cover-kbs-klein.jpg\"><img loading=\"lazy\" decoding=\"async\" class=\"size-full wp-image-843     alignleft\" title=\"cover-kbs-klein\" src=\"https:\/\/www.rhschwarz.de\/wp-content\/uploads\/2009\/03\/cover-kbs-klein.jpg\" alt=\"Keine bleibenden Sch\u00e4den\" width=\"130\" height=\"196\"><\/a><\/p>\n<p>Ideale Voraussetzung, um ausgiebig Kulturschocks zu durchleben. Und anderen zu verpassen.<br \/>\nWarum sollte man niemals einen Brief mit rotem Filzstift schreiben? Was geschieht, wenn die Moschee um die Ecke einen neuen Verst\u00e4rker einweiht? Wie \u00fcberlebt man als Geisterfahrer bei der Rallye Dakar? Was bedeutet es, wenn einem ein Fremder eine Dose Kieselsteine schenkt?<br \/>\nDie Antworten zu diesen und anderen Fragen, die niemand jemals stellte, liefern diese Aufzeichnungen eines Kleinglaubenshelden.<\/p>\n<p>Preis: 9,95 \u20ac<br \/>\nISBN: 978-3-933750-99-0<br \/>\nBest.-Nr. 640.399<br \/>\nerh\u00e4ltlich direkt beim <a title=\"Keine bleibenden Sch\u00e4den\" href=\"http:\/\/shop.concepcion.de\/concepcion-oxid\/Individuelles-Geschichte-und-Gegenwart\/2\/\" target=\"_blank\" rel=\"noopener noreferrer\">Verlag<\/a><br \/>\n(oder auch in diversen <a title=\"Keine bleibenden Sch\u00e4den\" href=\"http:\/\/www.amazon.de\/Keine-bleibenden-Sch%C3%A4den-Heiko-Schwarz\/dp\/3933750997\/ref=sr_1_1?ie=UTF8&amp;s=books&amp;qid=1237560572&amp;sr=8-1\" target=\"_blank\" rel=\"noopener noreferrer\">amazon.de-Shops<\/a>)<a href=\"http:\/\/www.amazon.de\/Keine-bleibenden-Sch\u00e4den-Missionsbericht-Schwarz\/dp\/3933750997\/ref=sr_1_1\/028-1353777-0389321?ie=UTF8&amp;s=books&amp;qid=1183459156&amp;sr=8-1\"><br \/>\n<\/a><\/p>\n","protected":false},"excerpt":{"rendered":"<p>Was passiert, wenn man einen Sofakrieger in das westafrikanischste aller L\u00e4nder expediert? In eine Gegend fernab von anderen Portos (=Wei\u00dfen), in der sich multimediale Str\u00f6me nur am Fluss finden lassen? Ideale Voraussetzung, um ausgiebig Kulturschocks zu durchleben. Und anderen zu verpassen. Warum sollte man niemals einen Brief mit rotem Filzstift schreiben? Was geschieht, wenn die [&hellip;]<\/p>\n","protected":false},"author":2,"featured_media":0,"parent":0,"menu_order":1,"comment_status":"closed","ping_status":"closed","template":"","meta":{"footnotes":""},"class_list":["post-309","page","type-page","status-publish","hentry"],"_links":{"self":[{"href":"https:\/\/www.rhschwarz.de\/index.php\/wp-json\/wp\/v2\/pages\/309","targetHints":{"allow":["GET"]}}],"collection":[{"href":"https:\/\/www.rhschwarz.de\/index.php\/wp-json\/wp\/v2\/pages"}],"about":[{"href":"https:\/\/www.rhschwarz.de\/index.php\/wp-json\/wp\/v2\/types\/page"}],"author":[{"embeddable":true,"href":"https:\/\/www.rhschwarz.de\/index.php\/wp-json\/wp\/v2\/users\/2"}],"replies":[{"embeddable":true,"href":"https:\/\/www.rhschwarz.de\/index.php\/wp-json\/wp\/v2\/comments?post=309"}],"version-history":[{"count":14,"href":"https:\/\/www.rhschwarz.de\/index.php\/wp-json\/wp\/v2\/pages\/309\/revisions"}],"predecessor-version":[{"id":1087,"href":"https:\/\/www.rhschwarz.de\/index.php\/wp-json\/wp\/v2\/pages\/309\/revisions\/1087"}],"wp:attachment":[{"href":"https:\/\/www.rhschwarz.de\/index.php\/wp-json\/wp\/v2\/media?parent=309"}],"curies":[{"name":"wp","href":"https:\/\/api.w.org\/{rel}","templated":true}]}}